of q**3/3 - 11*q - 13. Calculate g(0).
-11
Let i be (3 + -1)/((-2)/(-4)). Let j(f) = 4*f**3 - 7*f. Let u(l) = l**3 + l**2 - l. Let h(a) = -j(a) + 3*u(a). Give h(i).
0
Let l(j) = j + 4. Let w = -93 + 87. Determine l(w).
-2
Suppose -2*v = -5*v + 9. Let m(p) = 0 - 2*p + 4 + v*p. Suppose 1 = -g - 3. Give m(g).
0
Suppose j = -0*j + 3. Let o(g) = 4*g - 7*g**3 + 4*g**3 - 5*g**2 + 4*g**j - 1. What is o(4)?
-1
Let c(m) = m - 1. Let f(x) = 3*x. Let t(a) = 3*c(a) + f(a). Calculate t(2).
9
Let m(h) = -h**2 - 2*h - 5. Let j(s) = 4*s**2 + 6*s + 15. Let y(u) = 2*j(u) + 7*m(u). Give y(4).
3
Suppose -2*a = 4*r + 9 + 5, 12 = 4*a - 2*r. Let b(n) be the first derivative of -15*n**4/4 + n + 47. What is b(a)?
-14
Let m(w) = 2*w**3 - w + 0*w - w**3. Let b(p) = -7*p**3 - 5*p**2 + 4*p - 2. Let i(v) = -b(v) - 6*m(v). Let h be 1*3*(-8)/6. What is i(h)?
10
Let n be -3 + (-3)/(-1) - 0. Let a(y) = y + 11. What is a(n)?
11
Let t(p) be the second derivative of p**5/20 + p**4/6 + p**3/6 + p**2/2 + 5*p. What is t(-2)?
-1
Let t(k) = -k - k**2 + 3*k - 7*k - k. Determine t(-4).
8
Let x = 15 + -10. Let w(f) = -8*f**2 - 7 - x*f + 6*f + 9*f**2. Give w(0).
-7
Let i = 14 + -10. Let a(d) = i*d - 4*d - d + 2*d. Give a(-1).
-1
Let g(z) = -2*z - 1. Suppose 3*q - 23 = -8. Let b(t) = 2 + q*t - 3*t - 5. Let s be b(2). Give g(s).
-3
Let c(f) be the third derivative of 5*f**2 + 0 + 1/24*f**4 + 1/2*f**3 + 0*f. Give c(-4).
-1
Let z(c) = 2*c**2 - 4*c + 3. Let s be z(1). Let b(q) = 4*q**2 + q + 4. Let f(r) = -12*r**2 - 3*r - 11. Let n(g) = 11*b(g) + 4*f(g). Calculate n(s).
-5
Let i(y) = -2*y**2 + 5*y + 3. Let u be (2/(-4))/(1/(-6)). Let v = 8 - 1. Let b(s) = s**2 - 3*s - 1. Let p(w) = u*i(w) + v*b(w). Determine p(5).
-3
Let p(f) = -f**2. Let a(x) = -3*x**2 - 8*x + 4. Let c(q) = -a(q) + 4*p(q). Let n(w) = 5*w**2 + w + 1. Let m be n(-1). Give c(m).
11
Suppose 0 = -3*j + 2*j + 3, 3*n = -5*j + 12. Let c(x) = x + 8. Let a be c(0). Let r(y) = -2*y**2 + y + 4 - 3 - 3*y**2 + a*y**2. Give r(n).
3
Let k(s) = -2*s**3 - 3*s**2 - 3*s - 2. Let p(z) = z**2 + 6*z - 9. Let a be p(-7). Calculate k(a).
8
Suppose 5*q - 13 = 12. Let o(u) = -q*u**2 - 2 + 3*u**2 + u + 3*u. Let j(z) = z**2 - 10*z - 8. Let p be j(11). Determine o(p).
-8
Let s be (-8)/(-3)*18/(-8). Let v = s + 18. Let w = -7 + v. Let z(o) = o**2 - 5*o + 3. What is z(w)?
3
Let l(b) = -2*b. Let u be l(2). Suppose -3*c + 14 - 2 = 5*v, -5*c - v + 20 = 0. Let a(i) = i + i + c + 0*i. Give a(u).
-4
Suppose 5*p - 7*p - 12 = 0. Let f(x) = x**3 + 7*x**2 + 7*x + 6. Calculate f(p).
0
Let g(k) be the third derivative of -k**5/60 - k**4/12 + k**3/2 - 19*k**2 + 2. Calculate g(2).
-5
Let a = -1 - -5. Let w(v) = 5*v**2 + 4*v + 2. Let m(y) = 11*y**2 + 8*y + 4. Let i(b) = a*m(b) - 9*w(b). Give i(-6).
-14
Let t(q) = q**3 - 2*q**2 - 2*q + 1. Suppose -3*f = 4*a - f + 24, 0 = -f + 2. Let s = -5 - a. Suppose 2*g - 5*g + 11 = s*h, -8 = -3*g + h. What is t(g)?
4
Let d(j) = 2*j**2 - 4*j + 1. Suppose -4*g + 25 = -15. Suppose 2*f = -w + 1, -f + 38 = -5*w + g. Calculate d(f).
7
Let u(v) be the second derivative of 2*v**3/3 + 3*v. What is u(4)?
16
Let o(p) = 1545*p**2 - 4 - 1549*p**2 + 2 - 3*p + p**3. What is o(5)?
8
Let l(u) = u**3 + 2*u**2 - 4*u - 2. Let f = 42 + -45. Determine l(f).
1
Let s be (4/8)/((-1)/(-4)). Let w(l) be the second derivative of 6*l - 1/3*l**3 + 1/2*l**2 + 1/10*l**5 - 1/6*l**4 + 0. What is w(s)?
5
Let d(r) = -4*r**2 - 6*r - 5. Let q(s) = s**2 - 9 + 8 + s - 2*s. Let p(t) = -d(t) + 6*q(t). Calculate p(1).
9
Let a = 1 - -8. Let c(f) = -2 + 1 - 7*f + f**2 - 2 + a. Calculate c(5).
-4
Let j(k) = 0 + 9 + 8*k - 6 - 7*k. Determine j(-5).
-2
Let f(g) = 3 - 1 + 3*g - 6. Suppose -7 = -3*v - 1. Let l be ((-5)/10)/(v/(-12)). Give f(l).
5
Let v(w) = -w - 5. Let q be v(-8). Let o(n) = 4*n**3 + 0*n**q - n + 2*n**3 - 3*n**3. Calculate o(-1).
-2
Let v(p) = -9*p - 1. Let h = -4 - -4. Suppose h = -3*k - k + 16. Suppose 5*s + 1 = -k. Determine v(s).
8
Let d(b) = -b**3 - 7*b**2 - 6*b + 7. Let g be (0 - -4)*(-10)/(-4). Let w be (g/(-6))/(2/6). Calculate d(w).
-13
Let s(j) = j**2 + 6*j. Let r(y) = -y. Let b = -8 + 14. Let q(t) = b*r(t) + s(t). Determine q(2).
4
Let m(h) = 2*h + 1. Let u(p) = 2*p + 19. Let o be u(-8). Determine m(o).
7
Let b(t) = t**3 + 4*t**2 - 5*t - 2. Let p be b(-5). Let k(g) = 2*g**2 - g**2 + g - 1 + g**2. Determine k(p).
5
Let o(b) = b**2 - 3*b + 1. Let i be o(4). Let j(u) be the second derivative of 0 + 1/6*u**3 - 1/2*u**2 + 4*u. What is j(i)?
4
Let i be (2/(-2))/(5 + -4). Let c(d) = 1 + 0 - 12*d - 2. What is c(i)?
11
Let l(b) be the third derivative of -b**4/12 + b**3/6 + 12*b**2. Give l(3).
-5
Suppose 3*n + 0*v + 22 = -4*v, -3*v = 3*n + 21. Let o(a) = -a**3 - 7*a**2 - 8*a - 7. Give o(n).
5
Let f(r) be the first derivative of r**4/4 + 4*r**3/3 + r**2 + 4*r - 11. Determine f(-3).
7
Let x = -4 + 7. Let v(i) = -i**2 + 8*i - 3. Let q(y) = -y**2 + 9*y - 3. Let c(f) = -4*q(f) + 5*v(f). Determine c(x).
0
Let t(u) = -u + 7. Let j(w) = -3*w - 20. Let c be j(-9). Give t(c).
0
Let q(n) be the third derivative of -n**7/2520 - n**6/720 + n**5/120 + 5*n**4/24 - 4*n**2. Let g(u) be the second derivative of q(u). Give g(2).
-5
Let k be ((-1)/(-1))/(4/68). Let a = -12 + k. Suppose -2*i + 5*n = -23, 0 = 5*i + a*n - 3*n - 14. Let v(h) = -2*h. Calculate v(i).
-8
Let l(r) = -r**2 + 6*r + 2. Let p(u) = u**2 + 4 - 7*u + 2 + 0. Let j be p(7). What is l(j)?
2
Let h(u) = 4*u + 8*u - 17*u + 6*u. Suppose 0*l + 2*l = -6. Let n be h(l). Let r(o) = -o**2 - 3*o - 3. Calculate r(n).
-3
Let j(d) be the third derivative of d**6/120 + d**5/20 + d**4/12 + d**3/3 - d**2. Let s(t) = t**3 - 9*t**2 - t + 7. Let l be s(9). Calculate j(l).
2
Let m(l) = l**2 + 6*l - 3. Let c be (-2)/9 + (-80)/(-36). Suppose -5 = c*t - t. What is m(t)?
-8
Let w be (-2)/(-8) - (-1)/(-4). Suppose u + 4*u = w. Let s(y) = 4*y**2 - 3 + u*y**2 + 2. Determine s(-1).
3
Let o(k) = k**2 - 13*k + 9. Let p(c) = c**2 - 12*c + 8. Let q(z) = 4*o(z) - 5*p(z). Suppose 39*i + 10 = 41*i. Give q(i).
11
Let j be (-2)/1 - 14/(-7). Let d(s) = 35*s + 1 + s**3 - 37*s + j*s**3. Give d(1).
0
Let v = 4 - 5. Let u(q) = -q**2. Let i(r) = 2*r**2 - 6*r - 7. Let d(t) = v*u(t) - i(t). Determine d(6).
7
Let d(k) = -k**2 - 6*k - 2. Let i(m) = -m**2 + 3*m + 7. Let h be i(5). Determine d(h).
7
Let f(y) = 3*y - 4. Let j(h) = 1. Let w(a) = f(a) + 3*j(a). Suppose -10 = -3*l + t, l + t - 5 = -l. Determine w(l).
8
Let s(x) = -x**2 + 2*x + 4. Let c be s(3). Let t(h) be the first derivative of h**2 - c + 2 - 3*h**2. Give t(-1).
4
Let y(j) = j**2 - 3*j - 1. Let f be -20 + (6/3 - 0). Let w = f + 30. Suppose a - w = -3*a. Calculate y(a).
-1
Suppose c = 0, u - 6*u - 30 = 2*c. Let r(m) = -m**3 - 6*m**2 + 6. Calculate r(u).
6
Suppose -f + 2*f + 5 = 4*b, -10 = 3*b + 2*f. Let q(l) = l + 17. Calculate q(b).
17
Let n(f) = f**3 - 4*f**2 - 2*f + 6. Let u be n(5). Suppose 4*g - 5*w = -u, -g - 3*w - w = 0. Let r(q) = 3*q + 5. What is r(g)?
-7
Let u(q) = -q**2 - 7*q + 2. Let b be u(-7). Suppose -w = 5*v - b*v, v = -2*w. Let m(s) = s + 2. Calculate m(v).
2
Let o(s) = -6*s**2. Let w(y) = y**2 - 13*y + 1. Let a be w(13). Give o(a).
-6
Let k be 24/32 + (-106)/(-8). Let o(v) = 27 - 12 - k + 0*v + v. What is o(1)?
2
Let o be 0/(-1*(-2)/2). Let c(w) be the third derivative of w**6/360 - 5*w**4/24 + w**3/6 - w**2. Let j(y) be the first derivative of c(y). What is j(o)?
-5
Let q be ((-1)/2)/((-4)/104). Suppose 4*n + q = 21. Let a(v) = -4*v + 3. Calculate a(n).
-5
Let y(b) = -b**3 - 2*b**2 + b + 1. Suppose -2*f = 21 - 19. What is y(f)?
-1
Suppose 4*x + 2 = 5*d - 27, 0 = d + 5*x. Let t(w) = -2*w + 5. Let l be t(d). Let c be (-3)/l - 54/(-10). Let p(s) = -s + 11. What is p(c)?
5
Suppose -6*k = 2*r - 2*k - 8, -26 = -2*r + 5*k. Let g = r - 5. Suppose 6*i - g*i + 6 = -3*w, 1 = 2*w + i. Let p(j) = -j + 4. What is p(w)?
1
Let g(p) = -6*p + 6. Let q(f) = 1. Let i(t) = g(t) - 5*q(t). Give i(-2).
13
Let y(q) be the third derivative of 0*q - 1/6*q**3 + 0 + 2*q**2 + 1/20*q**5 + 0*q**4. Calculate y(1).
2
Let d(b) = 4*b - 2 + 11*b**2 - 5*b**2 + 0*b - 5*b**2. Calculate d(-4).
-2
Let p(c) = 2*c**3 - c**2 - 2. Let v be (-5 - -9)*(-1)/(-2). Calculate p(v).
10
Let j(r) = -r - 5. Let o(b) = -b + 11. Let l be o(8). Let v be (45/(-6))/(l/(-4)). Suppose 2*z - v = 4*z. Determine j(z).
0
Let a(x) = 7*x + 6. Suppose